{"id":19843,"date":"2014-06-13T11:03:41","date_gmt":"2014-06-13T11:03:41","guid":{"rendered":"http:\/\/demo.select-themes.com\/stockholm1\/?page_id=19843"},"modified":"2018-10-22T17:48:24","modified_gmt":"2018-10-22T17:48:24","slug":"home-default","status":"publish","type":"page","link":"https:\/\/www.solariscomunicacao.com.br\/institucional\/","title":{"rendered":"Home Default"},"content":{"rendered":"<div     class=\"vc_row wpb_row section vc_row-fluid\" style='background-color:#ffffff; text-align:left;'><div class=\" full_section_inner clearfix\">\n\t<div class=\"vc_col-sm-12 wpb_column vc_column_container \">\n\t\t<div class=\"wpb_wrapper\">\n\t\t\t<div     class=\"vc_row wpb_row section vc_inner vc_row-fluid grid_section\" style='background-color:#ffffff; padding-top:80px; padding-bottom:80px; text-align:left;'><div class=\" section_inner clearfix\"><div class='section_inner_margin clearfix'>\n\t<div class=\"vc_col-sm-12 wpb_column vc_column_container \">\n\t\t<div class=\"wpb_wrapper\">\n\t\t\t<div class=\"separator  transparent center  \" style=\"margin-top:20px;margin-bottom:0px\"><\/div>\n\n\t<div class=\"wpb_text_column wpb_content_element \">\n\t\t<div class=\"wpb_wrapper\">\n\t\t\t<h2>H\u00c1 11 ANOS PROPAGANDO IDEIAS<\/h2>\n\n\t\t<\/div> \n\t<\/div> <div class=\"separator  transparent center  \" style=\"margin-top:40px;margin-bottom:0px\"><\/div>\n\n\t<div class=\"wpb_text_column wpb_content_element \">\n\t\t<div class=\"wpb_wrapper\">\n\t\t\t<p>A Solaris tem uma cultura t\u00e3o forte quanto a do signo que originou seu nome: o Sol. O conceito de velocidade em expans\u00e3o consolidou nosso modelo de atendimento, trabalho, cria\u00e7\u00e3o e qualidade de vida. Na pr\u00e1tica, antes da execu\u00e7\u00e3o de qualquer projeto, procuramos entender nossos clientes da maneira mais ampla poss\u00edvel, oferecendo a eles todos os caminhos e inova\u00e7\u00f5es presentes no universo da publicidade atual. Quando pensamos em resultados, pensamos em brilhantes ideias, cujo\u00a0resultado final se torna uma constela\u00e7\u00e3o de valores positivos agregados \u00e0\u00a0marca. Por isso, entre em nossa \u00f3rbita e transforme sua empresa em um iluminado corpo celeste.<\/p>\n\n\t\t<\/div> \n\t<\/div> \n\t\t<\/div> \n\t<\/div> \n<\/div><\/div><\/div>\n\t\t<\/div> \n\t<\/div> \n<\/div><\/div><div     class=\"vc_row wpb_row section vc_row-fluid\" style='background-color:#ffffff; text-align:left;'><div class=\" full_section_inner clearfix\">\n\t<div class=\"vc_col-sm-12 wpb_column vc_column_container \">\n\t\t<div class=\"wpb_wrapper\">\n\t\t\t<div class='projects_holder_outer v4 portfolio_no_space portfolio_standard '><div class='projects_holder clearfix v4 standard_no_space portfolio_default_image'>\n<article class='mix portfolio_category_322 '><div class='image_holder standard_hover'><span class='image'><img width=\"500\" height=\"453\" src=\"https:\/\/i2.wp.com\/www.solariscomunicacao.com.br\/institucional\/wp-content\/uploads\/2018\/01\/01a-coca-cola-banner-fachada-pdv-precificador-solaris.jpg?resize=500%2C453&amp;ssl=1\" class=\"attachment-portfolio-default size-portfolio-default wp-post-image\" alt=\"\" loading=\"lazy\" srcset=\"https:\/\/i2.wp.com\/www.solariscomunicacao.com.br\/institucional\/wp-content\/uploads\/2018\/01\/01a-coca-cola-banner-fachada-pdv-precificador-solaris.jpg?w=500&amp;ssl=1 500w, https:\/\/i2.wp.com\/www.solariscomunicacao.com.br\/institucional\/wp-content\/uploads\/2018\/01\/01a-coca-cola-banner-fachada-pdv-precificador-solaris.jpg?resize=300%2C272&amp;ssl=1 300w, https:\/\/i2.wp.com\/www.solariscomunicacao.com.br\/institucional\/wp-content\/uploads\/2018\/01\/01a-coca-cola-banner-fachada-pdv-precificador-solaris.jpg?resize=480%2C434&amp;ssl=1 480w, https:\/\/i2.wp.com\/www.solariscomunicacao.com.br\/institucional\/wp-content\/uploads\/2018\/01\/01a-coca-cola-banner-fachada-pdv-precificador-solaris.jpg?resize=125%2C112&amp;ssl=1 125w\" sizes=\"(max-width: 500px) 100vw, 500px\" \/><\/span><a class='portfolio_link_class' href='https:\/\/www.solariscomunicacao.com.br\/institucional\/portfolio_page\/coca-cola-uberlandia\/' target='_self'><\/a><div class=\"portfolio_shader\"><\/div><div class=\"icons_holder\"><div class=\"icons_holder_inner\"><\/div><\/div><\/div><div class='portfolio_description '><h5 class=\"portfolio_title\" ><a href=\"https:\/\/www.solariscomunicacao.com.br\/institucional\/portfolio_page\/coca-cola-uberlandia\/\" target=\"_self\">Coca-Cola Uberl\u00e2ndia<\/a><\/h5><span class=\"project_category\"><span>_ <\/span>Uberl\u00e2ndia Refrescos<\/span><\/div><\/article>\n<article class='mix portfolio_category_329 '><div class='image_holder standard_hover'><span class='image'><img width=\"500\" height=\"453\" src=\"https:\/\/i1.wp.com\/www.solariscomunicacao.com.br\/institucional\/wp-content\/uploads\/2018\/01\/01a-floema-banner-marca-rede-social-marketing-agenda-solaris.jpg?resize=500%2C453&amp;ssl=1\" class=\"attachment-portfolio-default size-portfolio-default wp-post-image\" alt=\"\" loading=\"lazy\" srcset=\"https:\/\/i1.wp.com\/www.solariscomunicacao.com.br\/institucional\/wp-content\/uploads\/2018\/01\/01a-floema-banner-marca-rede-social-marketing-agenda-solaris.jpg?w=500&amp;ssl=1 500w, https:\/\/i1.wp.com\/www.solariscomunicacao.com.br\/institucional\/wp-content\/uploads\/2018\/01\/01a-floema-banner-marca-rede-social-marketing-agenda-solaris.jpg?resize=300%2C272&amp;ssl=1 300w, https:\/\/i1.wp.com\/www.solariscomunicacao.com.br\/institucional\/wp-content\/uploads\/2018\/01\/01a-floema-banner-marca-rede-social-marketing-agenda-solaris.jpg?resize=480%2C434&amp;ssl=1 480w, https:\/\/i1.wp.com\/www.solariscomunicacao.com.br\/institucional\/wp-content\/uploads\/2018\/01\/01a-floema-banner-marca-rede-social-marketing-agenda-solaris.jpg?resize=125%2C112&amp;ssl=1 125w\" sizes=\"(max-width: 500px) 100vw, 500px\" \/><\/span><a class='portfolio_link_class' href='https:\/\/www.solariscomunicacao.com.br\/institucional\/portfolio_page\/resultados-expressivos\/' target='_self'><\/a><div class=\"portfolio_shader\"><\/div><div class=\"icons_holder\"><div class=\"icons_holder_inner\"><\/div><\/div><\/div><div class='portfolio_description '><h5 class=\"portfolio_title\" ><a href=\"https:\/\/www.solariscomunicacao.com.br\/institucional\/portfolio_page\/resultados-expressivos\/\" target=\"_self\">Resultados Expressivos<\/a><\/h5><span class=\"project_category\"><span>_ <\/span>Floema<\/span><\/div><\/article>\n<article class='mix portfolio_category_347 '><div class='image_holder standard_hover'><span class='image'><img width=\"500\" height=\"453\" src=\"https:\/\/i0.wp.com\/www.solariscomunicacao.com.br\/institucional\/wp-content\/uploads\/2015\/08\/rede-social-mini.jpg?resize=500%2C453&amp;ssl=1\" class=\"attachment-portfolio-default size-portfolio-default wp-post-image\" alt=\"\" loading=\"lazy\" srcset=\"https:\/\/i0.wp.com\/www.solariscomunicacao.com.br\/institucional\/wp-content\/uploads\/2015\/08\/rede-social-mini.jpg?w=500&amp;ssl=1 500w, https:\/\/i0.wp.com\/www.solariscomunicacao.com.br\/institucional\/wp-content\/uploads\/2015\/08\/rede-social-mini.jpg?resize=300%2C272&amp;ssl=1 300w, https:\/\/i0.wp.com\/www.solariscomunicacao.com.br\/institucional\/wp-content\/uploads\/2015\/08\/rede-social-mini.jpg?resize=480%2C434&amp;ssl=1 480w, https:\/\/i0.wp.com\/www.solariscomunicacao.com.br\/institucional\/wp-content\/uploads\/2015\/08\/rede-social-mini.jpg?resize=125%2C112&amp;ssl=1 125w\" sizes=\"(max-width: 500px) 100vw, 500px\" \/><\/span><a class='portfolio_link_class' href='https:\/\/www.solariscomunicacao.com.br\/institucional\/portfolio_page\/redes-sociais\/' target='_self'><\/a><div class=\"portfolio_shader\"><\/div><div class=\"icons_holder\"><div class=\"icons_holder_inner\"><\/div><\/div><\/div><div class='portfolio_description '><h5 class=\"portfolio_title\" ><a href=\"https:\/\/www.solariscomunicacao.com.br\/institucional\/portfolio_page\/redes-sociais\/\" target=\"_self\">Redes Sociais<\/a><\/h5><span class=\"project_category\"><span>_ <\/span>Solaris Digital<\/span><\/div><\/article>\n<article class='mix portfolio_category_337 '><div class='image_holder standard_hover'><span class='image'><img width=\"352\" height=\"319\" src=\"https:\/\/i2.wp.com\/www.solariscomunicacao.com.br\/institucional\/wp-content\/uploads\/2017\/10\/canto-de-minas-mini.jpg?resize=352%2C319&amp;ssl=1\" class=\"attachment-portfolio-default size-portfolio-default wp-post-image\" alt=\"\" loading=\"lazy\" srcset=\"https:\/\/i2.wp.com\/www.solariscomunicacao.com.br\/institucional\/wp-content\/uploads\/2017\/10\/canto-de-minas-mini.jpg?w=352&amp;ssl=1 352w, https:\/\/i2.wp.com\/www.solariscomunicacao.com.br\/institucional\/wp-content\/uploads\/2017\/10\/canto-de-minas-mini.jpg?resize=300%2C272&amp;ssl=1 300w, https:\/\/i2.wp.com\/www.solariscomunicacao.com.br\/institucional\/wp-content\/uploads\/2017\/10\/canto-de-minas-mini.jpg?resize=125%2C112&amp;ssl=1 125w\" sizes=\"(max-width: 352px) 100vw, 352px\" \/><\/span><a class='portfolio_link_class' href='https:\/\/www.solariscomunicacao.com.br\/institucional\/portfolio_page\/sabor-e-tradicao\/' target='_self'><\/a><div class=\"portfolio_shader\"><\/div><div class=\"icons_holder\"><div class=\"icons_holder_inner\"><\/div><\/div><\/div><div class='portfolio_description '><h5 class=\"portfolio_title\" ><a href=\"https:\/\/www.solariscomunicacao.com.br\/institucional\/portfolio_page\/sabor-e-tradicao\/\" target=\"_self\">Sabor e Tradi\u00e7\u00e3o<\/a><\/h5><span class=\"project_category\"><span>_ <\/span>Canto de Minas<\/span><\/div><\/article>\n<article class='mix portfolio_category_346 '><div class='image_holder standard_hover'><span class='image'><img width=\"500\" height=\"453\" src=\"https:\/\/i2.wp.com\/www.solariscomunicacao.com.br\/institucional\/wp-content\/uploads\/2017\/10\/branding-minia1.jpg?resize=500%2C453&amp;ssl=1\" class=\"attachment-portfolio-default size-portfolio-default wp-post-image\" alt=\"\" loading=\"lazy\" srcset=\"https:\/\/i2.wp.com\/www.solariscomunicacao.com.br\/institucional\/wp-content\/uploads\/2017\/10\/branding-minia1.jpg?w=500&amp;ssl=1 500w, https:\/\/i2.wp.com\/www.solariscomunicacao.com.br\/institucional\/wp-content\/uploads\/2017\/10\/branding-minia1.jpg?resize=300%2C272&amp;ssl=1 300w, https:\/\/i2.wp.com\/www.solariscomunicacao.com.br\/institucional\/wp-content\/uploads\/2017\/10\/branding-minia1.jpg?resize=480%2C434&amp;ssl=1 480w, https:\/\/i2.wp.com\/www.solariscomunicacao.com.br\/institucional\/wp-content\/uploads\/2017\/10\/branding-minia1.jpg?resize=125%2C112&amp;ssl=1 125w\" sizes=\"(max-width: 500px) 100vw, 500px\" \/><\/span><a class='portfolio_link_class' href='https:\/\/www.solariscomunicacao.com.br\/institucional\/portfolio_page\/branding\/' target='_self'><\/a><div class=\"portfolio_shader\"><\/div><div class=\"icons_holder\"><div class=\"icons_holder_inner\"><\/div><\/div><\/div><div class='portfolio_description '><h5 class=\"portfolio_title\" ><a href=\"https:\/\/www.solariscomunicacao.com.br\/institucional\/portfolio_page\/branding\/\" target=\"_self\">Arquitetura de Marcas<\/a><\/h5><span class=\"project_category\"><span>_ <\/span>Branding<\/span><\/div><\/article>\n<article class='mix portfolio_category_336 '><div class='image_holder standard_hover'><span class='image'><img width=\"352\" height=\"319\" src=\"https:\/\/i1.wp.com\/www.solariscomunicacao.com.br\/institucional\/wp-content\/uploads\/2015\/10\/18a-cafesaogotardo-campanha.jpg?resize=352%2C319&amp;ssl=1\" class=\"attachment-portfolio-default size-portfolio-default wp-post-image\" alt=\"\" loading=\"lazy\" srcset=\"https:\/\/i1.wp.com\/www.solariscomunicacao.com.br\/institucional\/wp-content\/uploads\/2015\/10\/18a-cafesaogotardo-campanha.jpg?w=352&amp;ssl=1 352w, https:\/\/i1.wp.com\/www.solariscomunicacao.com.br\/institucional\/wp-content\/uploads\/2015\/10\/18a-cafesaogotardo-campanha.jpg?resize=300%2C272&amp;ssl=1 300w, https:\/\/i1.wp.com\/www.solariscomunicacao.com.br\/institucional\/wp-content\/uploads\/2015\/10\/18a-cafesaogotardo-campanha.jpg?resize=125%2C112&amp;ssl=1 125w\" sizes=\"(max-width: 352px) 100vw, 352px\" \/><\/span><a class='portfolio_link_class' href='https:\/\/www.solariscomunicacao.com.br\/institucional\/portfolio_page\/o-verdadeiro-cafe-do-cerrado\/' target='_self'><\/a><div class=\"portfolio_shader\"><\/div><div class=\"icons_holder\"><div class=\"icons_holder_inner\"><\/div><\/div><\/div><div class='portfolio_description '><h5 class=\"portfolio_title\" ><a href=\"https:\/\/www.solariscomunicacao.com.br\/institucional\/portfolio_page\/o-verdadeiro-cafe-do-cerrado\/\" target=\"_self\">O verdadeiro caf\u00e9 do cerrado<\/a><\/h5><span class=\"project_category\"><span>_ <\/span>Caf\u00e9 S\u00e3o Gotardo<\/span><\/div><\/article>\n<article class='mix portfolio_category_347 '><div class='image_holder standard_hover'><span class='image'><img width=\"500\" height=\"453\" src=\"https:\/\/i1.wp.com\/www.solariscomunicacao.com.br\/institucional\/wp-content\/uploads\/2016\/07\/07c-site-criacao-de-site-resposnsive.jpg?resize=500%2C453&amp;ssl=1\" class=\"attachment-portfolio-default size-portfolio-default wp-post-image\" alt=\"\" loading=\"lazy\" srcset=\"https:\/\/i1.wp.com\/www.solariscomunicacao.com.br\/institucional\/wp-content\/uploads\/2016\/07\/07c-site-criacao-de-site-resposnsive.jpg?w=500&amp;ssl=1 500w, https:\/\/i1.wp.com\/www.solariscomunicacao.com.br\/institucional\/wp-content\/uploads\/2016\/07\/07c-site-criacao-de-site-resposnsive.jpg?resize=300%2C272&amp;ssl=1 300w, https:\/\/i1.wp.com\/www.solariscomunicacao.com.br\/institucional\/wp-content\/uploads\/2016\/07\/07c-site-criacao-de-site-resposnsive.jpg?resize=480%2C434&amp;ssl=1 480w, https:\/\/i1.wp.com\/www.solariscomunicacao.com.br\/institucional\/wp-content\/uploads\/2016\/07\/07c-site-criacao-de-site-resposnsive.jpg?resize=125%2C112&amp;ssl=1 125w\" sizes=\"(max-width: 500px) 100vw, 500px\" \/><\/span><a class='portfolio_link_class' href='https:\/\/www.solariscomunicacao.com.br\/institucional\/portfolio_page\/sites\/' target='_self'><\/a><div class=\"portfolio_shader\"><\/div><div class=\"icons_holder\"><div class=\"icons_holder_inner\"><\/div><\/div><\/div><div class='portfolio_description '><h5 class=\"portfolio_title\" ><a href=\"https:\/\/www.solariscomunicacao.com.br\/institucional\/portfolio_page\/sites\/\" target=\"_self\">Sites<\/a><\/h5><span class=\"project_category\"><span>_ <\/span>Solaris Digital<\/span><\/div><\/article>\n<article class='mix portfolio_category_321 '><div class='image_holder standard_hover'><span class='image'><img width=\"352\" height=\"319\" src=\"https:\/\/i0.wp.com\/www.solariscomunicacao.com.br\/institucional\/wp-content\/uploads\/2015\/08\/04a-motominas-redesocial.jpg?resize=352%2C319&amp;ssl=1\" class=\"attachment-portfolio-default size-portfolio-default wp-post-image\" alt=\"\" loading=\"lazy\" srcset=\"https:\/\/i0.wp.com\/www.solariscomunicacao.com.br\/institucional\/wp-content\/uploads\/2015\/08\/04a-motominas-redesocial.jpg?w=352&amp;ssl=1 352w, https:\/\/i0.wp.com\/www.solariscomunicacao.com.br\/institucional\/wp-content\/uploads\/2015\/08\/04a-motominas-redesocial.jpg?resize=300%2C272&amp;ssl=1 300w, https:\/\/i0.wp.com\/www.solariscomunicacao.com.br\/institucional\/wp-content\/uploads\/2015\/08\/04a-motominas-redesocial.jpg?resize=125%2C112&amp;ssl=1 125w\" sizes=\"(max-width: 352px) 100vw, 352px\" \/><\/span><a class='portfolio_link_class' href='https:\/\/www.solariscomunicacao.com.br\/institucional\/portfolio_page\/motominas\/' target='_self'><\/a><div class=\"portfolio_shader\"><\/div><div class=\"icons_holder\"><div class=\"icons_holder_inner\"><\/div><\/div><\/div><div class='portfolio_description '><h5 class=\"portfolio_title\" ><a href=\"https:\/\/www.solariscomunicacao.com.br\/institucional\/portfolio_page\/motominas\/\" target=\"_self\">Pode vir que d\u00e1 neg\u00f3cio<\/a><\/h5><span class=\"project_category\"><span>_ <\/span>Moto Minas<\/span><\/div><\/article>\n<div class='filler'><\/div>\n<div class='filler'><\/div>\n<div class='filler'><\/div>\n<div class='filler'><\/div>\n<\/div><\/div>\n\t\t<\/div> \n\t<\/div> \n<\/div><\/div><div     class=\"vc_row wpb_row section vc_row-fluid\" style=' text-align:left;'><div class=\" full_section_inner clearfix\">\n\t<div class=\"vc_col-sm-12 wpb_column vc_column_container \">\n\t\t<div class=\"wpb_wrapper\">\n\t\t\t<div class=\"call_to_action normal\" style=\"\"><div class=\"container_inner\"><div class=\"two_columns_75_25 clearfix\"><div class=\"text_wrapper column1\"><div class=\"call_to_action_text\" style=\"\"><\/p>\n<div class=\"custom_font_holder\" style=\"font-family: Crete Round; font-size: 17px; line-height: 26px; font-style: italic; font-weight: 400; text-decoration: none; letter-spacing: 0px; padding: 0; margin: 0; text-align: left;\"><span>Quer conhecer um pouco mais das nossas ideias? Visite nosso portf\u00f3lio completo.<\/span><\/div>\n<p><\/div><\/div><div class=\"button_wrapper column2\"><a href=\"http:\/\/www.solariscomunicacao.com.br\/portfolio\/\" class=\"qbutton \" target=\"_self\" style=\"color: #ffffff;border-color: #fba51a;background-color: #fba51a;\" data-hover-background-color=#cf3d24  data-hover-border-color=#cf3d24  data-hover-color=#ffffff>CLIQUE AQUI<\/a><\/div><\/div><\/div><\/div>\n\t\t<\/div> \n\t<\/div> \n<\/div><\/div>\n","protected":false},"excerpt":{"rendered":"Trabalhar com uma marca como a Volkswagen d\u00e1 muito mais for\u00e7a, acelera\u00e7\u00e3o e pot\u00eancia na criatividade de qualquer ag\u00eancia. E para n\u00f3s a \u00f3tima sensa\u00e7\u00e3o de dirigir uma m\u00e1quina VW \u00e9 a mesma em atender o maior grupo de concession\u00e1rias do interior de Minas.","protected":false},"author":1,"featured_media":0,"parent":0,"menu_order":0,"comment_status":"open","ping_status":"open","template":"full_width.php","meta":[],"_links":{"self":[{"href":"https:\/\/www.solariscomunicacao.com.br\/institucional\/wp-json\/wp\/v2\/pages\/19843"}],"collection":[{"href":"https:\/\/www.solariscomunicacao.com.br\/institucional\/wp-json\/wp\/v2\/pages"}],"about":[{"href":"https:\/\/www.solariscomunicacao.com.br\/institucional\/wp-json\/wp\/v2\/types\/page"}],"author":[{"embeddable":true,"href":"https:\/\/www.solariscomunicacao.com.br\/institucional\/wp-json\/wp\/v2\/users\/1"}],"replies":[{"embeddable":true,"href":"https:\/\/www.solariscomunicacao.com.br\/institucional\/wp-json\/wp\/v2\/comments?post=19843"}],"version-history":[{"count":31,"href":"https:\/\/www.solariscomunicacao.com.br\/institucional\/wp-json\/wp\/v2\/pages\/19843\/revisions"}],"predecessor-version":[{"id":22959,"href":"https:\/\/www.solariscomunicacao.com.br\/institucional\/wp-json\/wp\/v2\/pages\/19843\/revisions\/22959"}],"wp:attachment":[{"href":"https:\/\/www.solariscomunicacao.com.br\/institucional\/wp-json\/wp\/v2\/media?parent=19843"}],"curies":[{"name":"wp","href":"https:\/\/api.w.org\/{rel}","templated":true}]}}