{"id":18626,"date":"2014-05-30T14:08:09","date_gmt":"2014-05-30T14:08:09","guid":{"rendered":"http:\/\/demo.select-themes.com\/stockholm1\/?page_id=18626"},"modified":"2019-04-05T14:47:06","modified_gmt":"2019-04-05T14:47:06","slug":"portfolio","status":"publish","type":"page","link":"https:\/\/www.solariscomunicacao.com.br\/institucional\/portfolio\/","title":{"rendered":"portf\u00f3lio"},"content":{"rendered":"<div     class=\"vc_row wpb_row section vc_row-fluid\" style=' padding-top:14px; padding-bottom:100px; text-align:left;'><div class=\" full_section_inner clearfix\">\n\t<div class=\"vc_col-sm-12 wpb_column vc_column_container \">\n\t\t<div class=\"wpb_wrapper\">\n\t\t\t<div class='projects_holder_outer v3 portfolio_with_space portfolio_standard  masonry_with_space'><div class='projects_holder clearfix v3 standard portfolio_default_image'>\n<article class='mix portfolio_category_322 '><div class='image_holder default_hover'><span class='image'><img width=\"500\" height=\"453\" src=\"https:\/\/i2.wp.com\/www.solariscomunicacao.com.br\/institucional\/wp-content\/uploads\/2018\/01\/01a-coca-cola-banner-fachada-pdv-precificador-solaris.jpg?fit=500%2C453&amp;ssl=1\" class=\"attachment-portfolio_masonry_with_space size-portfolio_masonry_with_space wp-post-image\" alt=\"\" loading=\"lazy\" srcset=\"https:\/\/i2.wp.com\/www.solariscomunicacao.com.br\/institucional\/wp-content\/uploads\/2018\/01\/01a-coca-cola-banner-fachada-pdv-precificador-solaris.jpg?w=500&amp;ssl=1 500w, https:\/\/i2.wp.com\/www.solariscomunicacao.com.br\/institucional\/wp-content\/uploads\/2018\/01\/01a-coca-cola-banner-fachada-pdv-precificador-solaris.jpg?resize=300%2C272&amp;ssl=1 300w, https:\/\/i2.wp.com\/www.solariscomunicacao.com.br\/institucional\/wp-content\/uploads\/2018\/01\/01a-coca-cola-banner-fachada-pdv-precificador-solaris.jpg?resize=480%2C434&amp;ssl=1 480w, https:\/\/i2.wp.com\/www.solariscomunicacao.com.br\/institucional\/wp-content\/uploads\/2018\/01\/01a-coca-cola-banner-fachada-pdv-precificador-solaris.jpg?resize=125%2C112&amp;ssl=1 125w\" sizes=\"(max-width: 500px) 100vw, 500px\" \/><\/span><a class='portfolio_link_class' href='https:\/\/www.solariscomunicacao.com.br\/institucional\/portfolio_page\/coca-cola-uberlandia\/' target='_self'><\/a><div class=\"portfolio_shader\"><\/div><div class=\"icons_holder\"><div class=\"icons_holder_inner\"><\/div><\/div><\/div><div class='portfolio_description '><h4 class=\"portfolio_title\" ><a href=\"https:\/\/www.solariscomunicacao.com.br\/institucional\/portfolio_page\/coca-cola-uberlandia\/\" target=\"_self\">Coca-Cola Uberl\u00e2ndia<\/a><\/h4><span class=\"project_category\"><span>_ <\/span>Uberl\u00e2ndia Refrescos<\/span><\/div><\/article>\n<article class='mix portfolio_category_329 '><div class='image_holder default_hover'><span class='image'><img width=\"500\" height=\"453\" src=\"https:\/\/i1.wp.com\/www.solariscomunicacao.com.br\/institucional\/wp-content\/uploads\/2018\/01\/01a-floema-banner-marca-rede-social-marketing-agenda-solaris.jpg?fit=500%2C453&amp;ssl=1\" class=\"attachment-portfolio_masonry_with_space size-portfolio_masonry_with_space wp-post-image\" alt=\"\" loading=\"lazy\" srcset=\"https:\/\/i1.wp.com\/www.solariscomunicacao.com.br\/institucional\/wp-content\/uploads\/2018\/01\/01a-floema-banner-marca-rede-social-marketing-agenda-solaris.jpg?w=500&amp;ssl=1 500w, https:\/\/i1.wp.com\/www.solariscomunicacao.com.br\/institucional\/wp-content\/uploads\/2018\/01\/01a-floema-banner-marca-rede-social-marketing-agenda-solaris.jpg?resize=300%2C272&amp;ssl=1 300w, https:\/\/i1.wp.com\/www.solariscomunicacao.com.br\/institucional\/wp-content\/uploads\/2018\/01\/01a-floema-banner-marca-rede-social-marketing-agenda-solaris.jpg?resize=480%2C434&amp;ssl=1 480w, https:\/\/i1.wp.com\/www.solariscomunicacao.com.br\/institucional\/wp-content\/uploads\/2018\/01\/01a-floema-banner-marca-rede-social-marketing-agenda-solaris.jpg?resize=125%2C112&amp;ssl=1 125w\" sizes=\"(max-width: 500px) 100vw, 500px\" \/><\/span><a class='portfolio_link_class' href='https:\/\/www.solariscomunicacao.com.br\/institucional\/portfolio_page\/resultados-expressivos\/' target='_self'><\/a><div class=\"portfolio_shader\"><\/div><div class=\"icons_holder\"><div class=\"icons_holder_inner\"><\/div><\/div><\/div><div class='portfolio_description '><h4 class=\"portfolio_title\" ><a href=\"https:\/\/www.solariscomunicacao.com.br\/institucional\/portfolio_page\/resultados-expressivos\/\" target=\"_self\">Resultados Expressivos<\/a><\/h4><span class=\"project_category\"><span>_ <\/span>Floema<\/span><\/div><\/article>\n<article class='mix portfolio_category_347 '><div class='image_holder default_hover'><span class='image'><img width=\"500\" height=\"453\" src=\"https:\/\/i0.wp.com\/www.solariscomunicacao.com.br\/institucional\/wp-content\/uploads\/2015\/08\/rede-social-mini.jpg?fit=500%2C453&amp;ssl=1\" class=\"attachment-portfolio_masonry_with_space size-portfolio_masonry_with_space wp-post-image\" alt=\"\" loading=\"lazy\" srcset=\"https:\/\/i0.wp.com\/www.solariscomunicacao.com.br\/institucional\/wp-content\/uploads\/2015\/08\/rede-social-mini.jpg?w=500&amp;ssl=1 500w, https:\/\/i0.wp.com\/www.solariscomunicacao.com.br\/institucional\/wp-content\/uploads\/2015\/08\/rede-social-mini.jpg?resize=300%2C272&amp;ssl=1 300w, https:\/\/i0.wp.com\/www.solariscomunicacao.com.br\/institucional\/wp-content\/uploads\/2015\/08\/rede-social-mini.jpg?resize=480%2C434&amp;ssl=1 480w, https:\/\/i0.wp.com\/www.solariscomunicacao.com.br\/institucional\/wp-content\/uploads\/2015\/08\/rede-social-mini.jpg?resize=125%2C112&amp;ssl=1 125w\" sizes=\"(max-width: 500px) 100vw, 500px\" \/><\/span><a class='portfolio_link_class' href='https:\/\/www.solariscomunicacao.com.br\/institucional\/portfolio_page\/redes-sociais\/' target='_self'><\/a><div class=\"portfolio_shader\"><\/div><div class=\"icons_holder\"><div class=\"icons_holder_inner\"><\/div><\/div><\/div><div class='portfolio_description '><h4 class=\"portfolio_title\" ><a href=\"https:\/\/www.solariscomunicacao.com.br\/institucional\/portfolio_page\/redes-sociais\/\" target=\"_self\">Redes Sociais<\/a><\/h4><span class=\"project_category\"><span>_ <\/span>Solaris Digital<\/span><\/div><\/article>\n<article class='mix portfolio_category_337 '><div class='image_holder default_hover'><span class='image'><img width=\"352\" height=\"319\" src=\"https:\/\/i2.wp.com\/www.solariscomunicacao.com.br\/institucional\/wp-content\/uploads\/2017\/10\/canto-de-minas-mini.jpg?fit=352%2C319&amp;ssl=1\" class=\"attachment-portfolio_masonry_with_space size-portfolio_masonry_with_space wp-post-image\" alt=\"\" loading=\"lazy\" srcset=\"https:\/\/i2.wp.com\/www.solariscomunicacao.com.br\/institucional\/wp-content\/uploads\/2017\/10\/canto-de-minas-mini.jpg?w=352&amp;ssl=1 352w, https:\/\/i2.wp.com\/www.solariscomunicacao.com.br\/institucional\/wp-content\/uploads\/2017\/10\/canto-de-minas-mini.jpg?resize=300%2C272&amp;ssl=1 300w, https:\/\/i2.wp.com\/www.solariscomunicacao.com.br\/institucional\/wp-content\/uploads\/2017\/10\/canto-de-minas-mini.jpg?resize=125%2C112&amp;ssl=1 125w\" sizes=\"(max-width: 352px) 100vw, 352px\" \/><\/span><a class='portfolio_link_class' href='https:\/\/www.solariscomunicacao.com.br\/institucional\/portfolio_page\/sabor-e-tradicao\/' target='_self'><\/a><div class=\"portfolio_shader\"><\/div><div class=\"icons_holder\"><div class=\"icons_holder_inner\"><\/div><\/div><\/div><div class='portfolio_description '><h4 class=\"portfolio_title\" ><a href=\"https:\/\/www.solariscomunicacao.com.br\/institucional\/portfolio_page\/sabor-e-tradicao\/\" target=\"_self\">Sabor e Tradi\u00e7\u00e3o<\/a><\/h4><span class=\"project_category\"><span>_ <\/span>Canto de Minas<\/span><\/div><\/article>\n<article class='mix portfolio_category_346 '><div class='image_holder default_hover'><span class='image'><img width=\"500\" height=\"453\" src=\"https:\/\/i2.wp.com\/www.solariscomunicacao.com.br\/institucional\/wp-content\/uploads\/2017\/10\/branding-minia1.jpg?fit=500%2C453&amp;ssl=1\" class=\"attachment-portfolio_masonry_with_space size-portfolio_masonry_with_space wp-post-image\" alt=\"\" loading=\"lazy\" srcset=\"https:\/\/i2.wp.com\/www.solariscomunicacao.com.br\/institucional\/wp-content\/uploads\/2017\/10\/branding-minia1.jpg?w=500&amp;ssl=1 500w, https:\/\/i2.wp.com\/www.solariscomunicacao.com.br\/institucional\/wp-content\/uploads\/2017\/10\/branding-minia1.jpg?resize=300%2C272&amp;ssl=1 300w, https:\/\/i2.wp.com\/www.solariscomunicacao.com.br\/institucional\/wp-content\/uploads\/2017\/10\/branding-minia1.jpg?resize=480%2C434&amp;ssl=1 480w, https:\/\/i2.wp.com\/www.solariscomunicacao.com.br\/institucional\/wp-content\/uploads\/2017\/10\/branding-minia1.jpg?resize=125%2C112&amp;ssl=1 125w\" sizes=\"(max-width: 500px) 100vw, 500px\" \/><\/span><a class='portfolio_link_class' href='https:\/\/www.solariscomunicacao.com.br\/institucional\/portfolio_page\/branding\/' target='_self'><\/a><div class=\"portfolio_shader\"><\/div><div class=\"icons_holder\"><div class=\"icons_holder_inner\"><\/div><\/div><\/div><div class='portfolio_description '><h4 class=\"portfolio_title\" ><a href=\"https:\/\/www.solariscomunicacao.com.br\/institucional\/portfolio_page\/branding\/\" target=\"_self\">Arquitetura de Marcas<\/a><\/h4><span class=\"project_category\"><span>_ <\/span>Branding<\/span><\/div><\/article>\n<article class='mix portfolio_category_336 '><div class='image_holder default_hover'><span class='image'><img width=\"352\" height=\"319\" src=\"https:\/\/i1.wp.com\/www.solariscomunicacao.com.br\/institucional\/wp-content\/uploads\/2015\/10\/18a-cafesaogotardo-campanha.jpg?fit=352%2C319&amp;ssl=1\" class=\"attachment-portfolio_masonry_with_space size-portfolio_masonry_with_space wp-post-image\" alt=\"\" loading=\"lazy\" srcset=\"https:\/\/i1.wp.com\/www.solariscomunicacao.com.br\/institucional\/wp-content\/uploads\/2015\/10\/18a-cafesaogotardo-campanha.jpg?w=352&amp;ssl=1 352w, https:\/\/i1.wp.com\/www.solariscomunicacao.com.br\/institucional\/wp-content\/uploads\/2015\/10\/18a-cafesaogotardo-campanha.jpg?resize=300%2C272&amp;ssl=1 300w, https:\/\/i1.wp.com\/www.solariscomunicacao.com.br\/institucional\/wp-content\/uploads\/2015\/10\/18a-cafesaogotardo-campanha.jpg?resize=125%2C112&amp;ssl=1 125w\" sizes=\"(max-width: 352px) 100vw, 352px\" \/><\/span><a class='portfolio_link_class' href='https:\/\/www.solariscomunicacao.com.br\/institucional\/portfolio_page\/o-verdadeiro-cafe-do-cerrado\/' target='_self'><\/a><div class=\"portfolio_shader\"><\/div><div class=\"icons_holder\"><div class=\"icons_holder_inner\"><\/div><\/div><\/div><div class='portfolio_description '><h4 class=\"portfolio_title\" ><a href=\"https:\/\/www.solariscomunicacao.com.br\/institucional\/portfolio_page\/o-verdadeiro-cafe-do-cerrado\/\" target=\"_self\">O verdadeiro caf\u00e9 do cerrado<\/a><\/h4><span class=\"project_category\"><span>_ <\/span>Caf\u00e9 S\u00e3o Gotardo<\/span><\/div><\/article>\n<article class='mix portfolio_category_347 '><div class='image_holder default_hover'><span class='image'><img width=\"500\" height=\"453\" src=\"https:\/\/i1.wp.com\/www.solariscomunicacao.com.br\/institucional\/wp-content\/uploads\/2016\/07\/07c-site-criacao-de-site-resposnsive.jpg?fit=500%2C453&amp;ssl=1\" class=\"attachment-portfolio_masonry_with_space size-portfolio_masonry_with_space wp-post-image\" alt=\"\" loading=\"lazy\" srcset=\"https:\/\/i1.wp.com\/www.solariscomunicacao.com.br\/institucional\/wp-content\/uploads\/2016\/07\/07c-site-criacao-de-site-resposnsive.jpg?w=500&amp;ssl=1 500w, https:\/\/i1.wp.com\/www.solariscomunicacao.com.br\/institucional\/wp-content\/uploads\/2016\/07\/07c-site-criacao-de-site-resposnsive.jpg?resize=300%2C272&amp;ssl=1 300w, https:\/\/i1.wp.com\/www.solariscomunicacao.com.br\/institucional\/wp-content\/uploads\/2016\/07\/07c-site-criacao-de-site-resposnsive.jpg?resize=480%2C434&amp;ssl=1 480w, https:\/\/i1.wp.com\/www.solariscomunicacao.com.br\/institucional\/wp-content\/uploads\/2016\/07\/07c-site-criacao-de-site-resposnsive.jpg?resize=125%2C112&amp;ssl=1 125w\" sizes=\"(max-width: 500px) 100vw, 500px\" \/><\/span><a class='portfolio_link_class' href='https:\/\/www.solariscomunicacao.com.br\/institucional\/portfolio_page\/sites\/' target='_self'><\/a><div class=\"portfolio_shader\"><\/div><div class=\"icons_holder\"><div class=\"icons_holder_inner\"><\/div><\/div><\/div><div class='portfolio_description '><h4 class=\"portfolio_title\" ><a href=\"https:\/\/www.solariscomunicacao.com.br\/institucional\/portfolio_page\/sites\/\" target=\"_self\">Sites<\/a><\/h4><span class=\"project_category\"><span>_ <\/span>Solaris Digital<\/span><\/div><\/article>\n<article class='mix portfolio_category_321 '><div class='image_holder default_hover'><span class='image'><img width=\"352\" height=\"319\" src=\"https:\/\/i0.wp.com\/www.solariscomunicacao.com.br\/institucional\/wp-content\/uploads\/2015\/08\/04a-motominas-redesocial.jpg?fit=352%2C319&amp;ssl=1\" class=\"attachment-portfolio_masonry_with_space size-portfolio_masonry_with_space wp-post-image\" alt=\"\" loading=\"lazy\" srcset=\"https:\/\/i0.wp.com\/www.solariscomunicacao.com.br\/institucional\/wp-content\/uploads\/2015\/08\/04a-motominas-redesocial.jpg?w=352&amp;ssl=1 352w, https:\/\/i0.wp.com\/www.solariscomunicacao.com.br\/institucional\/wp-content\/uploads\/2015\/08\/04a-motominas-redesocial.jpg?resize=300%2C272&amp;ssl=1 300w, https:\/\/i0.wp.com\/www.solariscomunicacao.com.br\/institucional\/wp-content\/uploads\/2015\/08\/04a-motominas-redesocial.jpg?resize=125%2C112&amp;ssl=1 125w\" sizes=\"(max-width: 352px) 100vw, 352px\" \/><\/span><a class='portfolio_link_class' href='https:\/\/www.solariscomunicacao.com.br\/institucional\/portfolio_page\/motominas\/' target='_self'><\/a><div class=\"portfolio_shader\"><\/div><div class=\"icons_holder\"><div class=\"icons_holder_inner\"><\/div><\/div><\/div><div class='portfolio_description '><h4 class=\"portfolio_title\" ><a href=\"https:\/\/www.solariscomunicacao.com.br\/institucional\/portfolio_page\/motominas\/\" target=\"_self\">Pode vir que d\u00e1 neg\u00f3cio<\/a><\/h4><span class=\"project_category\"><span>_ <\/span>Moto Minas<\/span><\/div><\/article>\n<article class='mix portfolio_category_348 '><div class='image_holder default_hover'><span class='image'><img width=\"500\" height=\"453\" src=\"https:\/\/i0.wp.com\/www.solariscomunicacao.com.br\/institucional\/wp-content\/uploads\/2015\/09\/09a-aroeira1.jpg?fit=500%2C453&amp;ssl=1\" class=\"attachment-portfolio_masonry_with_space size-portfolio_masonry_with_space wp-post-image\" alt=\"\" loading=\"lazy\" srcset=\"https:\/\/i0.wp.com\/www.solariscomunicacao.com.br\/institucional\/wp-content\/uploads\/2015\/09\/09a-aroeira1.jpg?w=500&amp;ssl=1 500w, https:\/\/i0.wp.com\/www.solariscomunicacao.com.br\/institucional\/wp-content\/uploads\/2015\/09\/09a-aroeira1.jpg?resize=300%2C272&amp;ssl=1 300w, https:\/\/i0.wp.com\/www.solariscomunicacao.com.br\/institucional\/wp-content\/uploads\/2015\/09\/09a-aroeira1.jpg?resize=480%2C434&amp;ssl=1 480w, https:\/\/i0.wp.com\/www.solariscomunicacao.com.br\/institucional\/wp-content\/uploads\/2015\/09\/09a-aroeira1.jpg?resize=125%2C112&amp;ssl=1 125w\" sizes=\"(max-width: 500px) 100vw, 500px\" \/><\/span><a class='portfolio_link_class' href='https:\/\/www.solariscomunicacao.com.br\/institucional\/portfolio_page\/aroeira\/' target='_self'><\/a><div class=\"portfolio_shader\"><\/div><div class=\"icons_holder\"><div class=\"icons_holder_inner\"><\/div><\/div><\/div><div class='portfolio_description '><h4 class=\"portfolio_title\" ><a href=\"https:\/\/www.solariscomunicacao.com.br\/institucional\/portfolio_page\/aroeira\/\" target=\"_self\">Ampliando Desempenho<\/a><\/h4><span class=\"project_category\"><span>_ <\/span>Aroeira<\/span><\/div><\/article>\n<article class='mix portfolio_category_349 '><div class='image_holder default_hover'><span class='image'><img width=\"500\" height=\"453\" src=\"https:\/\/i1.wp.com\/www.solariscomunicacao.com.br\/institucional\/wp-content\/uploads\/2015\/07\/revistas.jpg?fit=500%2C453&amp;ssl=1\" class=\"attachment-portfolio_masonry_with_space size-portfolio_masonry_with_space wp-post-image\" alt=\"\" loading=\"lazy\" srcset=\"https:\/\/i1.wp.com\/www.solariscomunicacao.com.br\/institucional\/wp-content\/uploads\/2015\/07\/revistas.jpg?w=500&amp;ssl=1 500w, https:\/\/i1.wp.com\/www.solariscomunicacao.com.br\/institucional\/wp-content\/uploads\/2015\/07\/revistas.jpg?resize=300%2C272&amp;ssl=1 300w, https:\/\/i1.wp.com\/www.solariscomunicacao.com.br\/institucional\/wp-content\/uploads\/2015\/07\/revistas.jpg?resize=480%2C434&amp;ssl=1 480w, https:\/\/i1.wp.com\/www.solariscomunicacao.com.br\/institucional\/wp-content\/uploads\/2015\/07\/revistas.jpg?resize=125%2C112&amp;ssl=1 125w\" sizes=\"(max-width: 500px) 100vw, 500px\" \/><\/span><a class='portfolio_link_class' href='https:\/\/www.solariscomunicacao.com.br\/institucional\/portfolio_page\/revistas\/' target='_self'><\/a><div class=\"portfolio_shader\"><\/div><div class=\"icons_holder\"><div class=\"icons_holder_inner\"><\/div><\/div><\/div><div class='portfolio_description '><h4 class=\"portfolio_title\" ><a href=\"https:\/\/www.solariscomunicacao.com.br\/institucional\/portfolio_page\/revistas\/\" target=\"_self\">Revistas<\/a><\/h4><span class=\"project_category\"><span>_ <\/span>Editora\u00e7\u00e3o<\/span><\/div><\/article>\n<article class='mix portfolio_category_350 '><div class='image_holder default_hover'><span class='image'><img width=\"500\" height=\"453\" src=\"https:\/\/i1.wp.com\/www.solariscomunicacao.com.br\/institucional\/wp-content\/uploads\/2018\/02\/instituto-alexa.jpg?fit=500%2C453&amp;ssl=1\" class=\"attachment-portfolio_masonry_with_space size-portfolio_masonry_with_space wp-post-image\" alt=\"\" loading=\"lazy\" srcset=\"https:\/\/i1.wp.com\/www.solariscomunicacao.com.br\/institucional\/wp-content\/uploads\/2018\/02\/instituto-alexa.jpg?w=500&amp;ssl=1 500w, https:\/\/i1.wp.com\/www.solariscomunicacao.com.br\/institucional\/wp-content\/uploads\/2018\/02\/instituto-alexa.jpg?resize=300%2C272&amp;ssl=1 300w, https:\/\/i1.wp.com\/www.solariscomunicacao.com.br\/institucional\/wp-content\/uploads\/2018\/02\/instituto-alexa.jpg?resize=480%2C434&amp;ssl=1 480w, https:\/\/i1.wp.com\/www.solariscomunicacao.com.br\/institucional\/wp-content\/uploads\/2018\/02\/instituto-alexa.jpg?resize=125%2C112&amp;ssl=1 125w\" sizes=\"(max-width: 500px) 100vw, 500px\" \/><\/span><a class='portfolio_link_class' href='https:\/\/www.solariscomunicacao.com.br\/institucional\/portfolio_page\/humanamente-responsavel\/' target='_self'><\/a><div class=\"portfolio_shader\"><\/div><div class=\"icons_holder\"><div class=\"icons_holder_inner\"><\/div><\/div><\/div><div class='portfolio_description '><h4 class=\"portfolio_title\" ><a href=\"https:\/\/www.solariscomunicacao.com.br\/institucional\/portfolio_page\/humanamente-responsavel\/\" target=\"_self\">Humanamente Respons\u00e1vel<\/a><\/h4><span class=\"project_category\"><span>_ <\/span>Instituto Alexa<\/span><\/div><\/article>\n<article class='mix portfolio_category_323 '><div class='image_holder default_hover'><span class='image'><img width=\"500\" height=\"453\" src=\"https:\/\/i1.wp.com\/www.solariscomunicacao.com.br\/institucional\/wp-content\/uploads\/2015\/08\/14a-daepa.jpg?fit=500%2C453&amp;ssl=1\" class=\"attachment-portfolio_masonry_with_space size-portfolio_masonry_with_space wp-post-image\" alt=\"\" loading=\"lazy\" srcset=\"https:\/\/i1.wp.com\/www.solariscomunicacao.com.br\/institucional\/wp-content\/uploads\/2015\/08\/14a-daepa.jpg?w=500&amp;ssl=1 500w, https:\/\/i1.wp.com\/www.solariscomunicacao.com.br\/institucional\/wp-content\/uploads\/2015\/08\/14a-daepa.jpg?resize=300%2C272&amp;ssl=1 300w, https:\/\/i1.wp.com\/www.solariscomunicacao.com.br\/institucional\/wp-content\/uploads\/2015\/08\/14a-daepa.jpg?resize=480%2C434&amp;ssl=1 480w, https:\/\/i1.wp.com\/www.solariscomunicacao.com.br\/institucional\/wp-content\/uploads\/2015\/08\/14a-daepa.jpg?resize=125%2C112&amp;ssl=1 125w\" sizes=\"(max-width: 500px) 100vw, 500px\" \/><\/span><a class='portfolio_link_class' href='https:\/\/www.solariscomunicacao.com.br\/institucional\/portfolio_page\/daepa\/' target='_self'><\/a><div class=\"portfolio_shader\"><\/div><div class=\"icons_holder\"><div class=\"icons_holder_inner\"><\/div><\/div><\/div><div class='portfolio_description '><h4 class=\"portfolio_title\" ><a href=\"https:\/\/www.solariscomunicacao.com.br\/institucional\/portfolio_page\/daepa\/\" target=\"_self\">Cuidando de nossas \u00e1guas<\/a><\/h4><span class=\"project_category\"><span>_ <\/span>Daepa<\/span><\/div><\/article>\n<div class='filler'><\/div>\n<div class='filler'><\/div>\n<div class='filler'><\/div>\n<\/div><\/div>\n\t\t<\/div> \n\t<\/div> \n<\/div><\/div>\n","protected":false},"excerpt":{"rendered":"Trabalhar com o Daepa, \u00e9 trabalhar com o recurso mais precioso do mundo: a \u00e1gua. Com campanhas de conscientiza\u00e7\u00e3o, informativas e criativas,\u00a0 conquistamos a a receptividade e o envolvimento da popula\u00e7\u00e3o. Como o exemplo do problema do entupimento do esgoto, onde criamos uma campanha de...","protected":false},"author":1,"featured_media":0,"parent":0,"menu_order":0,"comment_status":"open","ping_status":"open","template":"","meta":[],"_links":{"self":[{"href":"https:\/\/www.solariscomunicacao.com.br\/institucional\/wp-json\/wp\/v2\/pages\/18626"}],"collection":[{"href":"https:\/\/www.solariscomunicacao.com.br\/institucional\/wp-json\/wp\/v2\/pages"}],"about":[{"href":"https:\/\/www.solariscomunicacao.com.br\/institucional\/wp-json\/wp\/v2\/types\/page"}],"author":[{"embeddable":true,"href":"https:\/\/www.solariscomunicacao.com.br\/institucional\/wp-json\/wp\/v2\/users\/1"}],"replies":[{"embeddable":true,"href":"https:\/\/www.solariscomunicacao.com.br\/institucional\/wp-json\/wp\/v2\/comments?post=18626"}],"version-history":[{"count":33,"href":"https:\/\/www.solariscomunicacao.com.br\/institucional\/wp-json\/wp\/v2\/pages\/18626\/revisions"}],"predecessor-version":[{"id":22517,"href":"https:\/\/www.solariscomunicacao.com.br\/institucional\/wp-json\/wp\/v2\/pages\/18626\/revisions\/22517"}],"wp:attachment":[{"href":"https:\/\/www.solariscomunicacao.com.br\/institucional\/wp-json\/wp\/v2\/media?parent=18626"}],"curies":[{"name":"wp","href":"https:\/\/api.w.org\/{rel}","templated":true}]}}